) = c**2 + 11*c + 13. Let k be m(-7). Let t be -2*45*10/k. Let b(g) = 2*g**2 + 9*g + 5. Let f be b(-7). What is the greatest common divisor of t and f?
20
Let r = 33 - 55. Let d = r - -51. Let y be -3 - 70/(-7) - -196. What is the greatest common factor of y and d?
29
Suppose 0 = 4*d + 5*j + 88, -j - 4*j = -3*d - 31. Let c be 86/5 - (248/40 + -7). Let r = c - d. Calculate the greatest common factor of 7 and r.
7
Let h(f) = -f**3 + 3*f**2 + 3*f - 1. Let l be h(2). Let g = 4 + l. Calculate the highest common factor of 65 and g.
13
Let d(x) = 90*x - 193. Let y be d(7). What is the greatest common divisor of y and 19?
19
Let f = 52 - -143. Calculate the highest common divisor of f and 45.
15
Suppose 0 = m - 10 - 60. Let g = -14 + 16. Let a(r) = 6*r**2 - 4*r - 2. Let u be a(g). Calculate the greatest common factor of m and u.
14
Let h be 0 - (-4 - (5 - 8)). Let k be -3 + 4 - (-14 + h). What is the highest common factor of k and 28?
14
Let d(o) = 2*o**3 - 23*o**2 + 16*o - 7. Let l be d(12). Calculate the highest common factor of 47 and l.
47
Suppose 0 = 3*m - 2*m. Suppose -6*r + r + 5 = m. Let x = r + 11. Calculate the greatest common divisor of 4 and x.
4
Suppose -39 - 15 = -2*i. Let f be (11 + -8)/((-1)/(-53)). Suppose 84 = w - f. What is the highest common factor of w and i?
27
Let u = 25 - 42. Let o = 32 + u. What is the highest common factor of o and 60?
15
Suppose 0*p - 5 = 5*p, 4*p - 23 = -t. Let j = 12 + t. What is the greatest common divisor of j and 3?
3
Let l = -28 - -35. Let q be (45/(-2) + -2)/((-2)/4). Calculate the greatest common factor of q and l.
7
Let r(t) = -t**2 - t + 23. Let v be r(4). Suppose 0 = -5*d - 5, 2*n - v*d = n + 83. Let j = 10 - 0. What is the highest common divisor of j and n?
10
Let d(p) = p**3 + 2*p**2 + 2*p + 8. Let n = 20 - 20. Let j be d(n). Calculate the greatest common factor of 20 and j.
4
Let i = -967 + 1354. Calculate the greatest common divisor of 43 and i.
43
Suppose -4*u - 5*h + 61 = -30, -2*u + 32 = -2*h. Suppose -359*l + 135 = -356*l. Let t = l - u. What is the highest common divisor of 52 and t?
26
Suppose 4*q = 4 + 12. Suppose 0 = -49*m + m + 384. What is the highest common divisor of q and m?
4
Let k = 58 + -44. Let o = -2 + 0. Let u = k + o. What is the greatest common factor of u and 60?
12
Suppose -s = 5*q - 38, 0*q + 2*q = 0. Suppose 2*j - 56 = 134. What is the greatest common factor of s and j?
19
Let b be (-24)/(-10) - (-34)/(-85). Suppose -4*o = -4*n, b*n - 3*o + 2 + 2 = 0. Calculate the greatest common factor of 16 and n.
4
Let m be (-1)/2*(-10 - 0). Suppose -d - 76 = -m*i - 0*d, -46 = -3*i + d. Let f be (-3)/(-4) + 1185/20. What is the greatest common divisor of i and f?
15
Suppose 2*v = -35*f + 33*f + 208, -2*v = 5*f - 223. Calculate the greatest common factor of 44 and v.
11
Suppose 5*j = 3*v + 4 - 28, -4*j = v + 9. Suppose 0 = -v*y + 12 + 45. Let h(d) = 277*d - 6056. Let x be h(22). What is the greatest common factor of y and x?
19
Suppose 5*y - 1129 = -2*h, 0 = 3*h + 2*y + 528 - 2194. What is the highest common factor of h and 46?
46
Let p be (-4200)/(-30) + (0 - -2). Calculate the greatest common divisor of 2 and p.
2
Let v(a) = -a**3 + 24*a**2 - 48*a + 139. Let c be v(22). What is the greatest common factor of 544 and c?
17
Let f be (213/24 + -13 + 8)*8. Calculate the highest common factor of 217 and f.
31
Suppose r - 10 = -3*w, -5*w - 14*r + 17*r = 2. Calculate the greatest common factor of w and 18.
2
Let a = -1683 - -1685. Calculate the greatest common divisor of a and 10.
2
Let d = -1237 + 1249. What is the greatest common divisor of 868 and d?
4
Suppose -141*t + 137*t = -16. Let u be 1/(-1) + 18/3. Suppose -u*g = -w + t*w - 42, -3*g + 14 = -w. What is the greatest common divisor of 18 and g?
6
Let t(g) = -3*g - 5*g + 9*g + 2 - 5*g. Let d be t(-9). Let u = -8 + d. What is the greatest common divisor of u and 15?
15
Let q(i) = 39*i**2 - 2*i - 1. Let p be q(-1). Let l(k) = k**3 + 24*k**2 + 39*k - 94. Let b be l(-22). What is the greatest common divisor of p and b?
8
Let k be (620/(-10))/(-2*(-2)/(-8)). Calculate the highest common factor of k and 31.
31
Let b(s) = s**3 + 15*s**2 - 7*s + 11. Let z be b(-15). What is the greatest common factor of z and 58?
58
Let b = 45 - -14. Calculate the greatest common factor of 531 and b.
59
Suppose 1548 = 45*i - 2*i. Calculate the highest common factor of 588 and i.
12
Let p be 1/((-2)/(3 + -13)). Suppose 12*r + 2*r = 490. What is the highest common divisor of r and p?
5
Suppose -5 = 5*r, -r + 308 = 2*j + 3*r. Suppose -2*p + 56 = -2*k, k + 0*k + j = 5*p. Calculate the highest common factor of 8 and p.
8
Suppose -4*q = q + k - 219, -5*k + 215 = 5*q. Suppose -5*h - q = -6*h. What is the greatest common factor of h and 110?
22
Let c = -42 - -39. Let y be (((-399)/(-28))/c)/(1/(-4)). Calculate the greatest common divisor of 19 and y.
19
Suppose 0 = 2*x + 4. Let d be (-2 - (x - (-80)/(-12)))*24. Calculate the greatest common divisor of 20 and d.
20
Let q(m) = 44*m**2 - m + 2. Let x be q(1). Calculate the greatest common factor of x and 9.
9
Let m = -7 + 17. Let d = 3 - -28. Suppose -5*q + 19 + d = 0. Calculate the greatest common divisor of m and q.
10
Let y = 602 - -38. Calculate the greatest common factor of y and 120.
40
Let n = 169 - 148. What is the greatest common divisor of n and 161?
7
Suppose -150 = -7*m + 2*m. Suppose m = z + 20. What is the greatest common divisor of 2 and z?
2
Let w = -282 - -314. Calculate the greatest common factor of w and 928.
32
Let j = -107 - -111. Suppose 0 = 5*d - 1222 + 342. Suppose -2*f - 2*f = -d. Calculate the highest common divisor of f and j.
4
Let w be (-9)/27*-1*9. Suppose -5*o = -w*o. Suppose o = -p - 4*p + 45. Calculate the greatest common factor of 72 and p.
9
Suppose -5*c + 14*t - 9*t + 3175 = 0, c - 615 = 5*t. Calculate the greatest common factor of c and 16.
16
Let x(i) = -i**2 - 30*i + 103. Let s be x(-33). Suppose 8*k - 10 = 3*k. Calculate the highest common factor of s and k.
2
Suppose -9 + 3 = -3*w. Suppose 19 = -w*h + 53. Let p = h - -39. Calculate the greatest common divisor of p and 7.
7
Let a be 34 - (-13)/(65/(-10)). What is the greatest common factor of a and 72?
8
Let g = 18 - 14. Suppose 9 = 3*d, 3*f + f - 4*d + g = 0. Suppose 4*y + m - 11 = 2*y, 20 = 3*y - f*m. Calculate the greatest common factor of y and 15.
3
Suppose -946 = -564*m + 562*m. What is the greatest common factor of m and 11?
11
Let t(l) = 3*l**2 + l + 1 - 3*l**2 + 3*l**2. Let n be t(-4). Suppose -4*a - 95 = -5*g, -3*g + a - 4*a + 30 = 0. Calculate the highest common factor of g and n.
15
Let w = -385 - -1274. What is the greatest common factor of 7 and w?
7
Suppose 49 = 5*a - 1. Let y be (2 + 4 + -9)*4/4. Let i(g) = -3*g**3 + 2*g**2 + 2*g - 3. Let m be i(y). What is the greatest common divisor of m and a?
10
Let i(r) = r**2 - r + 2. Let h be 3/5 + 60/25. Suppose s - 5*q = -3*s + 6, -4*s = -h*q - 10. Let o be i(s). Calculate the greatest common factor of o and 7.
7
Let a be 4/16 - 100/16. Let u be ((-6)/4)/(1/a). What is the greatest common divisor of 63 and u?
9
Let t = 80 - 45. Suppose -2*i = -2*p + 14, -4*i - 11 = -2*p + 3. What is the highest common divisor of p and t?
7
Let g be (-2)/(-3)*(-2 - -26). Let o = 8 - g. Let b = 34 - o. Calculate the greatest common factor of b and 28.
14
Let w(s) = s**3 - 33*s**2 + 43*s - 55. Let p be w(32). Calculate the highest common divisor of 135 and p.
27
Let z(u) = -27*u + 112. Let q be z(4). Calculate the greatest common factor of q and 44.
4
Let t be (-50)/(-15) - 5/15. Suppose -2*x - 3 = -11, -t*f - 2*x = 331. Let l = -57 - f. Calculate the greatest common divisor of l and 8.
8
Let g = 1359 - 1341. Let z = 21 + 6. What is the highest common divisor of z and g?
9
Suppose -z = -2*z + 5*l + 86, 0 = -l + 1. Let q = -65 + z. What is the greatest common factor of 234 and q?
26
Suppose 2*j - 12 = -4*c - 0*j, -2*c - 2*j = -6. Suppose -k = -9 - c. What is the highest common divisor of k and 12?
12
Let j be (-14 + 1)*((-180)/15 + 10). Calculate the greatest common divisor of j and 91.
13
Let f = 40 - 37. Suppose -f*h - 8 = -4*x + 17, 0 = h + 3. Suppose 0 = -b + x*b + w - 80, b - w - 32 = 0. Calculate the highest common divisor of 14 and b.
14
Suppose -62 = -3*x + 4*o, o = -17 + 15. Wh